st common factor of p and 33?
3
Suppose 0*x + 3*x = 6. What is the greatest common factor of x and 16?
2
Let i(h) = h**3 + 11*h**2 + 9. Let c be i(-11). What is the highest common divisor of c and 72?
9
Suppose -3*o = 3, -c - c + 3*o - 23 = 0. Let b = c - -18. Suppose -b*l - 71 = -191. What is the highest common factor of l and 36?
12
Suppose 2*m - 5*m + 240 = 0. Let s be 4/(-10) + (-208)/(-20). What is the greatest common divisor of s and m?
10
Let o be (-3)/(1*3/(-3)). Suppose -7*n = 5*b - 2*n - 80, 0 = b - o*n. Calculate the highest common divisor of 36 and b.
12
Suppose -5 = -2*o - 5*y, 0 = -2*y - 6. Suppose -p = 2*p - 30. Calculate the greatest common divisor of o and p.
10
Let d = 49 + -26. Calculate the highest common divisor of d and 115.
23
Suppose 5*b + 5*w = 2*b - 13, -4*b - 5*w = 9. Suppose 284 = 2*c + v, 6*c - 5*c - 135 = -b*v. Calculate the greatest common divisor of c and 13.
13
Suppose 2*s - 24 = -2*b, 3*s - 68 = -5*b - 8. Suppose -9*y - 250 = -790. Calculate the greatest common divisor of y and b.
12
Let m(v) = -v - 3. Let s be m(-7). Suppose -s*a = 41 + 19. Let c = a - -35. Calculate the highest common factor of 8 and c.
4
Let k = -64 - -93. Calculate the highest common divisor of k and 261.
29
Let o be 3 - (45 + 0) - -2. Let j be o*(3 - 29/5). Calculate the highest common factor of j and 14.
14
Suppose 0 = 3*o - 6*o + 45. What is the highest common divisor of o and 75?
15
Let p(u) be the first derivative of u**4/4 - u**3/3 + 104*u - 1. Let o be p(0). Calculate the greatest common factor of o and 13.
13
Let o = -7 + 16. Let j = 13 + -7. Let v be (j + -2)*o/4. What is the highest common divisor of 9 and v?
9
Let t(f) = f**3 - 7*f**2 + 7*f - 3. Let h be t(6). Suppose -y - 130 = -h*y. Calculate the highest common factor of y and 13.
13
Let z = 9 + 45. Let x = 45 + -27. What is the highest common factor of z and x?
18
Let s be (2 - 6/2)*-4. Suppose s*o = -o + 200. Calculate the greatest common factor of o and 10.
10
Let t(p) = -2*p - 2. Let l be t(7). Let b = -11 - l. What is the highest common factor of 10 and b?
5
Suppose -5*l = 6*l - 528. Let y = 2 + 4. What is the greatest common divisor of y and l?
6
Let h be 0 - 48/(-3)*3. Suppose 8 = 4*f, -7*m - 5*f + 2 = -3*m. Let k be 2/(m*(-3)/36). What is the greatest common factor of k and h?
12
Let b = 1 - -2. Let w be -1*(2 - 2)*1. Suppose -5*u + 8*u = -a + 12, -4*a + 5*u + 99 = w. Calculate the greatest common divisor of b and a.
3
Let m be 3*(2 - (-4)/(-12)). What is the highest common divisor of m and 45?
5
Let z be (-377)/(-7) + (-6)/(-42). What is the highest common factor of z and 18?
18
Let d be ((-20)/(-6) - 4)/(1/(-6)). Let u = 48 + -28. What is the greatest common factor of d and u?
4
Let j(n) = -n**3 + 8*n**2 - 7*n + 6. Let k be j(7). Suppose -w = 2*w - k. Let t be (-3)/((-9)/114) + w. What is the greatest common divisor of t and 16?
8
Suppose 2*s + 5*x - 173 = -s, -285 = -5*s - 5*x. What is the greatest common factor of s and 8?
8
Suppose 3*z - 48 = -0*z. Let i be 0 - -4 - 2 - 346. Let t = -216 - i. What is the highest common factor of t and z?
16
Let b = 11 + 1. Let d = 12 + 24. Calculate the greatest common factor of b and d.
12
Let j(a) = a**3 - 5*a**2 + 4*a + 5. Let x be j(4). Let q be (-3 + 2)/(2/(-20)). Calculate the highest common factor of x and q.
5
Let l(z) = z**2 - z + 28. Let s be l(0). Suppose q = 1, -h - 5*q = -3*q - 16. What is the greatest common factor of h and s?
14
Suppose -3*j - 17 = k - 43, -3*j - 29 = -4*k. Let y(h) = 3*h - 10. Let v be -21*(-2)/(-12)*-2. Let r be y(v). What is the highest common divisor of k and r?
11
Let a be -4*2*(-1)/4. Suppose 0 = -a*s + s + 4. Calculate the highest common factor of s and 32.
4
Suppose 4*x - 17 = -3*a + 22, -2*a = 5*x - 33. Calculate the greatest common divisor of a and 36.
9
Let l be 4/(-4) - 11*-1. What is the highest common factor of l and 4?
2
Suppose c + 2*t - 17 = 0, 0*t - 15 = -5*t. Suppose c = -3*z - 4. Let q(v) = -2*v - 5. Let i be q(z). What is the highest common divisor of i and 45?
5
Let i(z) = z**2 + 6*z - 4. Let r be i(-7). Suppose -24 = -5*n + r*d, 51 = 5*n + 5*d + 11. Calculate the greatest common factor of n and 15.
3
Suppose -8*b = -3*b - 75. Let q be (-7)/(-21) + (-20)/(-3). Let s = -1 + q. Calculate the greatest common factor of b and s.
3
Let l be 1/3 + 1349/57. Let c(h) = h**3 - 6*h**2 + 8*h - 9. Let x be c(7). Calculate the highest common divisor of l and x.
24
Let m be (15/(-10) - -4)*10. What is the highest common factor of m and 5?
5
Let u = -345 - -609. What is the highest common factor of 24 and u?
24
Suppose 5*h + 5*k = 4 + 1, 3*h = -2*k + 7. Suppose -h*o - 75 = -395. What is the greatest common divisor of 16 and o?
16
Suppose -4*p - 4 = -2*l, -2*p = l - 0*p - 6. Suppose -l*a + 75 = -a. Calculate the greatest common factor of a and 5.
5
Let w(u) = 29*u - 2. Let m be w(2). What is the highest common divisor of m and 14?
14
Let h(s) = -s**2 + s. Let q(k) = -5*k**2 + 17*k - 12. Let a(n) = -4*h(n) + q(n). Let g be a(9). What is the highest common factor of g and 3?
3
Let v = -29 - -57. Suppose v - 4 = 2*a. What is the highest common divisor of a and 8?
4
Let c(w) = -w + 91. Let o be c(0). Let f(z) = 3*z**2 - z - 1. Let m be f(-2). Calculate the highest common divisor of o and m.
13
Let h = 153 - 133. Let q(m) = m**2 + 5. Let l be q(5). What is the greatest common factor of l and h?
10
Let j be (4 - (-9)/(-2))*-30. Calculate the greatest common divisor of j and 135.
15
Suppose 5*u - 36 = 2*u. Suppose 0*g - 180 = -5*g. What is the greatest common factor of g and u?
12
Let m = -12 - -24. Let v = m - -1. Let a(l) = 3*l**2 + 3*l + 3. Let w be a(3). Calculate the highest common factor of w and v.
13
Suppose 2*o = -4*m + 458, 0 = 2*m - o + 6*o - 217. Let z = m + -61. Calculate the greatest common factor of z and 22.
11
Let i(v) = v + 10. Let y = 110 - 50. Suppose 0*k - 3*x + 45 = 3*k, 0 = -5*k - 2*x + y. Let a be i(k). What is the greatest common divisor of a and 10?
10
Suppose 5*t + 15 = 5*a + 55, 0 = a. Calculate the highest common factor of 8 and t.
8
Let y(w) = w**2 + w + 16. Let p be y(0). Let x be 2 + 0/3 + p. Suppose u + 4*d - x = 0, u - 53 = 5*d - 8. Calculate the highest common divisor of 12 and u.
6
Suppose 4*s - 75 = -s. Let v(w) = w**3 + 10*w**2 + w - 3. Let a be v(-6). What is the highest common divisor of a and s?
15
Let v(x) = 9*x + 7. Let f be v(7). Suppose o - f = -o. Suppose 0*u = -5*u + o. Calculate the greatest common factor of u and 77.
7
Let b(l) = 16*l + 7. Let w be b(3). Let s = -39 + w. What is the highest common divisor of 128 and s?
16
Suppose 0 = -10*b - 78 + 1508. What is the greatest common factor of 13 and b?
13
Suppose -3*i = 3*u - 9, 5*u = i - 18 - 3. Let b = 30 - i. Suppose 2*v = 5*r - 39, -6*r + 4*r + 5*v = -b. Calculate the highest common divisor of 7 and r.
7
Let j be 35/4 - (-2)/8. Suppose -5*s = a - 15, 0 = s + 4*s - a - 15. What is the highest common divisor of j and s?
3
Let q(w) be the first derivative of -3*w - 2*w + 3 + w**2 - w + 2*w. Let f be q(6). Calculate the highest common divisor of f and 40.
8
Let m be (-2)/((-20)/(-75))*-20. Calculate the greatest common factor of m and 30.
30
Suppose 4*i = 6 + 14. Suppose n - 1 = i. Let g(o) = -o**3 + 8*o**2 - 5*o. Let w be g(6). What is the highest common divisor of w and n?
6
Let q be 1/(678/340 - 2). Let s = 255 + q. What is the highest common factor of 17 and s?
17
Let y be ((-3)/(-2))/(6/236). Suppose y = 5*u + 9. Calculate the greatest common factor of 70 and u.
10
Suppose -2*i - 2 = -3*i, -2*g + i = -6. Let b be ((-4)/6)/((-6)/369). Suppose -g*k = -b - 19. What is the highest common divisor of 30 and k?
15
Suppose 112*w - 113*w = -32. What is the highest common divisor of w and 32?
32
Suppose 0 = 5*u + 31 - 106. Suppose 3 - u = -h. Suppose 6*y - y - 30 = 0. Calculate the greatest common divisor of h and y.
6
Let y be ((-16)/(-3))/(-4)*-3. Suppose 10 + 82 = y*i. Suppose 8*s = 9*s - 46. What is the highest common divisor of i and s?
23
Let u = 11 - 3. Let j(w) = 17*w**2 - w + 1. Let y be j(3). Suppose 4*n - 3*h - 305 = 2*h, 3*h + y = 2*n. What is the highest common factor of u and n?
8
Let y = -11 - -41. Let b(d) = -d**2 + 330. Let h be b(0). What is the highest common factor of h and y?
30
Suppos